 4*f**2. Suppose 0*j - 5*j - 25 = 0. What is x(j)?
0
Let y(i) be the first derivative of -2*i**2 - 76. Give y(-9).
36
Let p(c) = 7*c - 2. Let i be (-22)/(-33) + (-22)/6. Let t(q) = q**3 + 4*q**2 + 6*q + 6. Let l be t(i). Let r be 2/l - (-8)/3. Calculate p(r).
12
Let m(c) be the first derivative of -c**3/3 - 9*c**2/2 - 19. What is m(-7)?
14
Let y(c) be the second derivative of -c**5/20 + 11*c**4/12 - c**3/6 + 7*c**2/2 - 9*c. Let x be y(11). Let f(g) = g + 1. Calculate f(x).
-3
Suppose -4*p = -0*p + 4*y + 16, 3*p - 5*y = -52. Let n(j) = j - 3. Determine n(p).
-12
Let m be 5 + -9 + (-2)/6*-9. Let c(h) be the third derivative of h**4/6 + h**3/6 + h**2. Calculate c(m).
-3
Let s(o) = o**3 - 6*o**2 + 3*o - 10. Suppose 39*b - 165 = 6*b. Give s(b).
-20
Let h(s) = -s**2 + 4*s + 72. Let j be h(-7). Let f(c) = 3*c + 7. What is f(j)?
-8
Let q(i) be the first derivative of -i**2/2 + 5*i + 200. Let k be (1/3)/((-1)/(-21)). Calculate q(k).
-2
Let n(w) = w**3 + 17*w**2 + w + 25. Let v be n(-17). Let s(j) = 7 + j**3 + 35*j - 27*j - v*j**2 - 9. Determine s(7).
5
Let p(c) be the first derivative of c**3 - c**2/2 + 42. Let z(y) = -8 + 0*y + 5*y - 4*y. Let k be z(7). Give p(k).
4
Let a(r) be the third derivative of -1/120*r**6 + 0 + 1/24*r**4 + 3*r**2 - 5/6*r**3 + 1/12*r**5 + 0*r. Let v be a(5). Let g(h) = -h + 16. Give g(v).
16
Suppose 0 = -4*g + 19 - 23. Let i be g - (-3 + (3 - 3)). Let t(w) = 0*w**3 + 2*w + i - 3*w**2 - w**3 - 5 - 1. Determine t(-4).
4
Let r(s) be the second derivative of 11/10*s**5 + 0*s**4 + 0 + 0*s**2 + 11*s - 1/6*s**3. What is r(-1)?
-21
Let r(y) = -14 - y - 2 + 16 - 8. Determine r(0).
-8
Let k(l) = -l**3 + 6*l**2 + 7*l + 5. Let x = -131 - -138. Determine k(x).
5
Suppose 0 = -h + 2*o + 9, 4*o = 5*h + 16 - 43. Let l(z) be the first derivative of -4*z**h + 4 - z + 1/2*z**2. Determine l(1).
-12
Let m(t) = -3 - 2 + 2 + 56*t - 27*t. What is m(1)?
26
Let t(s) be the third derivative of -s**4/24 + 7*s**3/6 - 2*s**2 - 1264*s. Suppose -4*o = 2*r - 5 - 27, -2*r = -o + 3. Give t(o).
0
Let x(d) = -d**2 + d. Suppose 19 = 2*z + 9. Suppose -5*t = z - 0. Determine x(t).
-2
Let y(s) = -s**3 - 3*s**2 - 2*s - 1. Let i = -23 + -12. Let q = 32 + i. Give y(q).
5
Let r = -2 + -2. Let t(x) be the third derivative of x**4/24 + x**3/6 - 257*x**2. Calculate t(r).
-3
Suppose 3*i - 73 = -64. Let b(v) = -v**3 + 4*v**2 - 5. Determine b(i).
4
Suppose -17 = -0*d - d - 5*n, 0 = -2*d - 4*n + 16. Suppose q - s - 30 = 0, 0*s = 5*q + d*s - 136. Let k(y) = y**2 + 7*y - q + 28. Give k(-6).
-6
Let g(h) be the first derivative of -h**3/3 - 5*h**2 + 11*h + 22. Determine g(-10).
11
Let s(z) be the third derivative of z**5/60 - z**4/4 + 2*z**3/3 - 5*z**2 + z. Calculate s(6).
4
Let l(j) be the second derivative of j**5/20 - 7*j**4/12 + j**3 + 3*j**2 + 4*j. Let s be (-6)/2*4/3. Let c = s - -10. Give l(c).
6
Suppose 0*z - 5*z - 5 = 0. Let c be 3/2 - (-1)/2. Let d(l) = 2*l + c - 3 - 4*l - 4*l. Give d(z).
5
Let l(b) = -3*b - 5. Let t(s) = -4*s**3 + 12*s**2 - 6*s + 12. Let w be t(3). Calculate l(w).
13
Let k(x) = -29*x**2 + x. Let v(s) = 10*s**2 + 242*s + 49. Let u be v(-24). Determine k(u).
-28
Let d(h) = -h**3 + 18*h**2 - 3*h + 53. Let j be (-3*(-12)/21)/(26/273). What is d(j)?
-1
Let t be (-2)/4 + 74/4. Suppose 0*c - t = -3*c. Let u(o) = 12*o - 49 - o**3 + 41 + 5*o**2 - 4*o. Determine u(c).
4
Let t(y) = -8*y + 5. Let b(k) = 5 + 9 - 5*k - 19*k. Let i(m) = 4*b(m) - 11*t(m). Suppose 0 = 2*d - 5 + 3. What is i(d)?
-7
Let f(m) = 20*m**2 - 62*m + 3. Let w be f(3). Let z(c) = c**2 + 4*c - 3. Calculate z(w).
-6
Let k(c) = 2*c**3 + c**2 + 1. Let r(m) = 3*m**3 - 5*m**2 - m - 3. Let v(f) = -4*k(f) - r(f). Determine v(1).
-10
Let b(c) = -c**2 - 9*c - 9. Let i be (-13 - -16)*(0 + -3). What is b(i)?
-9
Suppose 4*v - 2*b = -5*b + 12, 2*b - 8 = 5*v. Let h be 0/(2 + 1) - (9 + v). Let o(k) = k**3 + 8*k**2 - 9*k - 4. Determine o(h).
-4
Let r(m) = m**2 + 3*m**3 + 7 + 3 - 4*m**3 - 3*m - 7 + 0*m. Let w be (-1)/(-1*(-1)/(-2)). Give r(w).
-7
Let d = 84 + -82. Suppose -a + d*a = 0. Let f(y) = -y - 2. Give f(a).
-2
Let n(x) = -x + 10. Let r be n(8). Let p be (-1)/r + (-39)/26. Let y(k) be the third derivative of -5*k**4/24 - k**3/2 + k**2. Give y(p).
7
Let g(b) = -b**3 - 11*b**2 - 9*b + 13. Let n be g(-10). Let f(x) = -3*x - 2. What is f(n)?
-11
Let j(i) be the second derivative of 0 - 6*i - 1/3*i**4 + 0*i**2 + 1/6*i**3. Give j(-1).
-5
Let d(n) = n**2 - 4*n + 5. Suppose 0 = -3*p - 3*p + 12. Suppose 0 = p*v - 9 + 1. Let b(i) = -i**2 + 4*i - 4. Let z(a) = v*b(a) + 3*d(a). Determine z(4).
-1
Suppose -2*l - 4*a + 10 = 0, 5*l - 2*a + 6 = -5. Let o(f) = f**2 - 1. Determine o(l).
0
Suppose 5*j + 15 = 0, 0 = a - 4*j + 5*j - 3. Let o be 2/(5 + -3) - -8. Suppose -x + a = o. Let n(t) = t**2 + 2*t - 2. Determine n(x).
1
Let n(j) = j**3 - 6*j**2 + 6*j + 3. Let k(t) = t**3 + 12*t**2 + 11*t. Let s be k(-11). Suppose 6*q - 5 - 1 = s. Suppose -4*b + q = -19. Give n(b).
8
Let l(i) be the first derivative of -i**3/3 - i**2/2 + 9*i - 262. Determine l(8).
-63
Let f(t) = 27*t - 1 - 6*t - 9*t - 9*t + 4. Let p be 2*((-5)/2 + 1). Determine f(p).
-6
Let m(o) = 29*o**2 + 6*o + 2. Let x be m(-4). Suppose -5*i + x = -4*i. Let r(f) = -442 + f - f**3 + i. What is r(2)?
-6
Let y(u) = -7*u**3 - 5*u**2 + u + 1. Let q(m) = 15*m**3 + 11*m**2 - 2*m - 2. Let x(w) = 6*q(w) + 13*y(w). Let b be ((-16)/(-2) + -2)/3. Give x(b).
-1
Let z = 88 + -83. Let c(p) be the third derivative of -p**5/60 + p**4/6 - p**3/6 - 4*p**2. Determine c(z).
-6
Suppose -68*f - 198 = -35*f. Let y(a) = -4 - a**3 + 10 + 0*a - 5*a - 7*a**2. Calculate y(f).
0
Suppose g = -2, g + 44 = 3*d + 27. Let h(t) = t**3 - 5*t**2 - 5*t - 1. Calculate h(d).
-26
Let x(n) = 2*n + 3*n - n**2 - 69 + 66. Let k(l) = l + 15. Let g be k(-12). What is x(g)?
3
Let r be (30/25)/((-3)/(-20)). Let i(l) = 5 + 7*l**2 - l - r*l**2 - 2. What is i(3)?
-9
Suppose -22*m = -31*m - 27. Let y(b) = b**3 + 4*b**2 - 3*b - 2. What is y(m)?
16
Suppose 4*d + 20 = -3*w, 3*d + w = -2*d - 14. Let c(x) = -x**3 - 3*x**2 - 3*x - 2. Give c(d).
0
Let y be (-2 - (3 + -3)) + 82. Let m = 114 - y. Let q(g) = -14*g**3 + m*g**3 - 19*g**3 + 14. Calculate q(0).
14
Let q = -10 + 6. Let h(f) be the first derivative of f**5/120 - f**4/24 - 5*f**3/3 - 13. Let r(t) be the third derivative of h(t). Give r(q).
-5
Let p(b) = b**3 + 10*b**2 - b - 9. Let u be (-4 - 56/(-12)) + (-32)/3. Determine p(u).
1
Let z(t) = 4*t + 7. Let k(v) = 5*v + 8. Let c(w) = 7*k(w) - 8*z(w). Give c(5).
15
Let w(n) = 2*n - 118 + 0*n + 88. Determine w(13).
-4
Let o be ((-13090)/(-51))/(2/3). Let n(q) = o + 2*q - 396 + q - q. Determine n(8).
5
Suppose 0*i = -8*i + 40. Let x(h) = i - 3 - 1 - h. Calculate x(3).
-2
Suppose 23 = b + p, -3*p + 69 = 5*b - 52. Let a = -26 + b. Let f be 1 - (-2 + -2 + a). Let d(i) = -i**2 + 5*i + 2. Calculate d(f).
2
Let o(d) be the second derivative of d**4/12 + 5*d**3/6 - 3*d**2/2 + d. Let s(g) = 5*g**3 + 4*g**2 + 6*g + 5. Let q be s(-2). Let r = -37 - q. Calculate o(r).
3
Let k = -25 + 28. Let y(t) = t**2 - 25*t + 3 + 0 + k + 20*t. Determine y(4).
2
Let j(h) be the third derivative of -h**6/120 - h**5/12 - h**4/24 + 7*h**3/6 + h**2 - 64. Calculate j(-5).
12
Let u(c) be the second derivative of c**5/60 + c**4/6 + c**3/3 - c**2/2 + 4*c. Let j(l) be the first derivative of u(l). Calculate j(-5).
7
Let x be 3 - (0/1 - -3). Let u be (-1)/(-1) + 2 + x. Let s(k) = -u*k - 3*k - 4 + 3*k + k**2. Give s(4).
0
Suppose -q + 45 = 4*q. Let b = q - 11. Let i(t) = -t + 1. What is i(b)?
3
Let x(w) = 4*w**2 + 123938*w - 4 - 123936*w + 0*w**2 + w**3. Let f(r) = 2*r + 3. Let t be f(-3). Determine x(t).
-1
Let t(u) = -2*u**2 + 1 - 2*u + 4*u**2 - 24*u**3 + 7*u**3. Determine t(1).
-16
Let w(z) = -z**3 - z**2 - 4*z - 5. Let f(v) = 3*v + 0*v + 4*v - 6*v. Let g be (-2)/8 - (-10)/8. Let p(d) = g*w(d) + 5*f(d). Calculate p(0).
-5
Let g(i) be the second derivative of -4*i**3/3 - i**2 + 14*i - 2. What is g(-1)?
6
Let q(w) = -4*w - 16. Let s be ((-70)/10 + 2)*(1 + 0). Determine q(s).
4
Let n(p) = -115*p + 53*p + 5 + 63*p - 4. Give n(4).
5
Suppose -a - 2 = -2*a. Suppose -7*o + 2751 = -0*o. Let i(p) = -o*p + 393*p - 5*p**a. Give i(1).
-5
Let y(k) = -k**2 - 6*k + 5. Let v(b) = 2*b + 9. Let p be v(-5). Let r be p/2 + (-533)/26. Let d be (12/14)/(3/r). Calculate y(d).
5
Let c =